 = 191 + -16. Let n = r + g. What are the prime factors of n?
2, 3, 5
Suppose -3*v + 7*v - 16 = 0. Suppose -2*s - 3*k + 10 = 0, 2*s = s + 3*k - v. Suppose 4*c + 3*t = 344 + 84, 4*c = -s*t + 428. List the prime factors of c.
107
Let w(r) = -6*r**2 - 11*r - 6. Suppose -15*f + 110 = 5. Let x be w(f). Let q = x + 623. List the prime factors of q.
2, 3, 41
Let p(q) = q**3 + 5*q**2 - 10*q - 22. Let x be p(-5). Let j = x - 23. Let t(l) = -l**3 + 7*l**2 - 4*l - 5. What are the prime factors of t(j)?
5
Suppose 2124 = -126*u - 55*u + 63*u. Let a be 830/8 + (-3)/(-12). Let b = u + a. List the prime factors of b.
2, 43
Let q = -9 - -13. Let b be 3/(15/40*q). Suppose 5*c + 310 = 5*i, 308 = 7*i - b*i - 4*c. What are the prime factors of i?
2, 3, 5
Let o be ((-13)/(-4) - 3) + (-3)/(-4). Let p be (2/1 - 2) + (o - -2). Let v(t) = 5*t + 8. What are the prime factors of v(p)?
23
Suppose 0 = 19*m - 274962 - 359904. List the prime factors of m.
2, 3, 5569
Suppose 20*f = 21*f - 47. Suppose f*v = 48*v - 2. Suppose 5*d = 4*s + 806, 16 = -6*s + v*s. List the prime factors of d.
2, 79
What are the prime factors of 28495/10 + (-20)/40?
7, 11, 37
Let r(i) = -379*i + 159. What are the prime factors of r(-32)?
11, 1117
Suppose 39512 = 1262*j - 1258*j. What are the prime factors of j?
2, 11, 449
Suppose 161 = 10*u - 369. Let b be 142/5 + (-18)/45. Let n = u - b. List the prime factors of n.
5
Suppose 13*c - 683455 = -6*c + 133792. List the prime factors of c.
43013
Suppose 6*z = -10 - 56. Let g(r) = r**3 + 12*r**2 - 25*r - 12. What are the prime factors of g(z)?
2, 3
Let d(g) = -119*g**3 + 4*g**2 + 11*g - 3. Let p be d(-3). Suppose p = -13*o + 22*o. List the prime factors of o.
3, 7, 17
Suppose -2*i - 75 = -7*i. Let s(b) = -i - 1 + 3*b**2 - 8 - 9*b + 4. List the prime factors of s(9).
2, 71
Suppose -z = 4*g - 36666, 5*z + 9381 = 3*g - 18130. What are the prime factors of g?
89, 103
What are the prime factors of (-1151448)/(-26) + 198/3003*-7?
2, 3, 11, 61
Let t(i) = i**2 + 4*i - 20. Let z be (0 + -1 - -1)/(4 - 7). Let p be t(z). List the prime factors of ((-16)/p)/2 + (-444)/(-15).
2, 3, 5
Suppose -29*g + 23917 = -39*g + 148297. List the prime factors of g.
2, 3, 691
Let y(f) = 3*f**2 - 4*f + 8. Suppose 0 = 3*d + 4*c - 5, -d - 5*c - 13 = 0. What are the prime factors of y(d)?
127
Suppose 3*d + 2*t - 28 = d, 3*d + 2*t - 42 = 0. Suppose -d*f + 624 = -11*f. Suppose 10 = -5*v + 4*g + f, 3*g - 9 = 0. List the prime factors of v.
2, 3, 7
Suppose 314080 - 74536 = 36*r. What are the prime factors of r?
2, 3, 1109
Suppose i = -2*h - 194, -3*h - 288 = 4*i - i. List the prime factors of ((-716)/7)/(28/h).
2, 179
Let z(q) = -20*q**3 + 6*q**2 - q**3 - 38*q**2 - 33 + 19*q**3 - 19*q. What are the prime factors of z(-17)?
2, 7, 31
Suppose 11*l = 126567 + 28368. What are the prime factors of l?
3, 5, 313
Let b = -372 + 378. Suppose 5*h - 4*u = b*h - 583, -5*u = -4*h + 2395. What are the prime factors of h?
5, 7, 17
List the prime factors of ((-2)/(-6))/(14/(-2850792)*-4).
71, 239
Let l = 40 + -30. Let b(h) = -h**2 + 12*h + 28. What are the prime factors of b(l)?
2, 3
Suppose 5*s + 3*l + 4 = 0, s + 8 = -5*l - 6. Let n be (-4)/(-6)*(s + -4 - -6). Suppose -15*b = -n*b - 793. List the prime factors of b.
61
Suppose -78*y + 369173 + 1320822 + 749923 = 0. What are the prime factors of y?
3, 10427
Let i(b) = -b**3 + 3*b**2 + 3*b - 49. Let v be i(14). Let g = -841 - v. List the prime factors of g.
2, 661
Suppose 1317 = 31*c - 1504. Suppose h = 3*g - 140, 2*g = 4*g - 3*h - c. What are the prime factors of g?
47
Let w be (2*2/(-4))/(2/(-6)). Suppose -v = -w*j + 10, 4*j + v + 14 = 8*j. List the prime factors of ((j - 7) + 2)*-85.
5, 17
Suppose -11*s + 6 = -9*s. Let b be (1/s)/(20/18 - 1). Suppose 0 = -2*g - 3*i + 216, 3*g - 90 = 2*g + b*i. List the prime factors of g.
2, 3, 17
Let x(u) = -44*u**2 + 25*u + 29. Let i(h) = -20*h**2 + 12*h + 15. Let b(v) = -5*i(v) + 2*x(v). List the prime factors of b(-7).
641
Let l be -1 - 53 - (7 - 4). Let g = 66 + l. Suppose -7*h - 132 = -g*h. What are the prime factors of h?
2, 3, 11
Suppose -352*j - 85191 = -2*c - 355*j, 2*c - 85184 = 4*j. List the prime factors of c.
2, 3, 31, 229
Suppose 61*u - 64*u = 9. What are the prime factors of 14*2 + (5 - u/(-1))?
2, 3, 5
Suppose 0 = -3*x + 2*x + 49. Suppose 3*a + a + 3*z = -42, 2*z + x = -5*a. Let n(t) = t**3 + 9*t**2 - 11*t - 2. What are the prime factors of n(a)?
97
Suppose -53*v = -47*v - 30. Suppose v*s = 4*m - 2948, 2*s = s. List the prime factors of m.
11, 67
Let k = -18515 + 28150. What are the prime factors of k?
5, 41, 47
Let l = -41 + 27. Let p(w) = -w**3 - 13*w**2 + 15*w + 28. Let k be p(l). Suppose -6*m = -k*m + 1576. List the prime factors of m.
197
Suppose 0 = 2*o - q - 3168, 15*o - 12*o + 5*q - 4791 = 0. List the prime factors of o.
3, 23
List the prime factors of (3 - -3 - (-10 - -15))*(16426 + 21).
16447
Suppose 3*c - c = -b + 41847, 2*b = -2*c + 83680. What are the prime factors of b?
11, 3803
Let f = 41215 + -23619. List the prime factors of f.
2, 53, 83
Suppose u + 18 = 3*f - 44, 2*u = -f + 9. Let n = f - 12. Let l(v) = 3*v**2 + 8*v - 3. List the prime factors of l(n).
2, 5
Let b(u) = -u - 2. Let w be b(-3). Suppose 76*l = -74*l + 129 + 171. List the prime factors of l/(w + ((-99)/(-39))/(-3)).
13
Let o(a) = 16*a - 15. Let u be o(6). Suppose y - u = 4*y. What are the prime factors of (-64)/(-16) - 1*y?
31
Let n = 1819 + -1847. Let w be 2/(-1) + (-228)/(-2). Let f = w + n. List the prime factors of f.
2, 3, 7
Let q(x) = 444*x**3 - x**2 + 4*x - 2. Let b be ((-18)/(-6) + 4)*1/7. List the prime factors of q(b).
5, 89
Let l(a) = 3*a**3 - a**2 + a - 12. Let t be l(3). What are the prime factors of (-28)/t + (-10353)/(-27)?
383
Suppose -51*p - 17939 = -91328. What are the prime factors of p?
1439
Let y(h) = 9*h**3 - 32*h**2 - 5*h + 2. Let r = 433 - 426. List the prime factors of y(r).
2, 743
Let b = 19157 - 12203. What are the prime factors of b?
2, 3, 19, 61
Suppose 3*c + 20 = 725. Let s = -133 + c. List the prime factors of s.
2, 3, 17
Let l(f) = -24*f - 1. Let s be l(2). Let j = s + 50. What are the prime factors of (-609)/(-8) + j/(-8)?
2, 19
Suppose -4*p - 4*h + 6744 = h, -4*p + 3*h + 6712 = 0. Suppose -8*r = p + 847. List the prime factors of -3*(2/6)/(4/r).
79
Let m = 79 + 31. Suppose -m - 94 = -i. List the prime factors of i.
2, 3, 17
Suppose 8264 = 2*j - 3*u + 2551, 4*j = 4*u + 11428. List the prime factors of j.
2, 1429
Suppose -3*u = -4*h - h - 10, -2*h - 22 = -3*u. Let j be (-12)/6*(-5)/u. List the prime factors of (-1044)/(-18) - (j + -3).
2, 3, 5
Let f(x) = -1317*x**3 + 61*x**2 + 124*x - 1. What are the prime factors of f(-2)?
10531
Let o be 993/21 + 2/(-7). Let k(x) = 6*x - 6. Let c be k(-5). Let j = c + o. List the prime factors of j.
11
Suppose q = -0*q + 3*p + 338, -p - 666 = -2*q. Suppose -3*i = -232 - q. Let g = 337 - i. List the prime factors of g.
149
Suppose 0 = -133*n + 940554 + 1275891. List the prime factors of n.
3, 5, 11, 101
Let x = -186 + 188. Let n(u) = 10*u**2 + 7*u. What are the prime factors of n(x)?
2, 3
Suppose -5*w + 571 = -679. Suppose 0 = 2*t + k + 302, -2*k + 745 = -4*t + 157. Let j = w + t. What are the prime factors of j?
101
Suppose -8*v = -v - 376243. List the prime factors of v.
59, 911
Let s be (-2)/(-1)*-1*-19. Let f = -41 + 49. What are the prime factors of (f - 9) + 1*s?
37
Suppose -5*j + 5*m + 123741 - 20896 = 0, -3*m = -2*j + 41137. What are the prime factors of j?
2, 5, 11, 17
Suppose -5 = -3*y - 2*a + 3, 4*a + 6 = 5*y. Let m be (8*(1 - 2/4))/y. Suppose -31 = -3*u + m*u. List the prime factors of u.
31
Suppose o = -3*h + 18, -3*o + 78 = -10*h + 7*h. Let a = o - 73. Let p = 171 + a. What are the prime factors of p?
2, 61
Suppose 0 = -3*f + 10*q - 12*q + 30786, -3*f + 5*q = -30807. What are the prime factors of f?
2, 1283
Suppose 7 = -7*j - 7. Let k(y) = 164*y**2 - 3*y - 12. What are the prime factors of k(j)?
2, 5, 13
Let g(s) be the third derivative of s**4/24 + 29*s**3/6 + 94*s**2. Let u = 11 + -18. List the prime factors of g(u).
2, 11
Let w be 1445/7 + 5 + (-266)/49. Suppose 1474 = 3*q + 469. Let r = q - w. What are the prime factors of r?
3, 43
Let p(y) = 231*y - 1005. What are the prime factors of p(56)?
3, 41, 97
Suppose 17534 = 8*x - 11658. Suppose